) to base 13
26a616
What is 3202211 (base 4) in base 6?
151045
-143c059 (base 13) to base 12
-219979a
What is -73b236 (base 16) in base 4?
-130323020312
What is -104221303 (base 5) in base 8?
-1604034
What is -700ca0 (base 15) in base 16?
-51274b
What is -10211011000 (base 3) in base 16?
-125bb
Convert -1762b0 (base 15) to base 12.
-468733
Convert 10470470 (base 8) to base 10.
2257208
-120312111 (base 4) to base 9
-164550
761bab (base 12) to base 3
10111222201112
-720251 (base 8) to base 15
-4a692
Convert -37211770 (base 8) to base 7.
-126450200
-110101000001011001011 (base 2) to base 9
-3237255
-1220411010 (base 5) to base 6
-142123520
What is 203525654 (base 7) in base 14?
18396d4
What is -1021010013 (base 4) in base 7?
-2354340
What is 110212000201 (base 3) in base 11?
163084
-15113532 (base 6) to base 13
-154163
What is -11000101111000110010010 (base 2) in base 13?
-1460609
-2d3052 (base 14) to base 12
-644368
What is -22011022011 (base 3) in base 2?
-100111001101011000
Convert -1034503 (base 6) to base 11.
-35841
What is -211442330 (base 5) in base 14?
-19267a
212400 (base 7) to base 16
9021
-1213322 (base 4) to base 9
-10108
Convert -7e99bd (base 15) to base 6.
-333453241
Convert -487040 (base 9) to base 7.
-2332425
What is 4920 (base 11) in base 10?
6435
What is 337b2 (base 13) in base 7?
536615
Convert 201011001020 (base 3) to base 13.
102744
13335445 (base 6) to base 14
b9589
-422439 (base 12) to base 11
-651032
120512034 (base 6) to base 9
4254654
What is 1210013220 (base 4) in base 12?
1793a0
What is 55a467 (base 13) in base 3?
10210201122221
Convert -1310cd (base 14) to base 10.
-655997
Convert 578db (base 16) to base 12.
15364b
What is 12b0832 (base 13) in base 11?
335a503
-2d48d6 (base 14) to base 9
-2880028
What is 113530 (base 6) in base 3?
111121100
387262 (base 11) to base 9
1128565
What is 16092 (base 11) in base 14?
83d6
What is -17309a0 (base 11) in base 9?
-5476415
-2cd4c3 (base 16) to base 14
-566a0b
Convert -543400 (base 6) to base 7.
-244530
What is -355053 (base 12) in base 14?
-185007
-27070527 (base 8) to base 11
-3468790
Convert 20142 (base 9) to base 8.
31671
Convert -102030 (base 5) to base 16.
-d3e
Convert 232551 (base 7) to base 5.
2314114
-6b3e2f (base 16) to base 4
-122303320233
Convert -1743042 (base 8) to base 3.
-221212212102
-412435 (base 7) to base 15
-15d77
Convert -1130441232 (base 5) to base 8.
-11711045
What is 2a5933 (base 12) in base 13?
1c059c
What is -7216263 (base 9) in base 2?
-1110101011110001111011
-101111010011001101001 (base 2) to base 10
-1549929
Convert -206d7 (base 16) to base 5.
-13222243
62676 (base 9) to base 6
515323
-200202110202 (base 3) to base 5
-43303333
-150b41 (base 14) to base 13
-1c8309
What is 25122355 (base 7) in base 13?
6108ac
-16317c (base 13) to base 4
-2012022102
-1d752 (base 16) to base 14
-31d86
-101100100101011100001100 (base 2) to base 6
-1054301404
-a97991 (base 11) to base 15
-249525
What is 20614166 (base 7) in base 11?
a97174
Convert 1001111011011101100 (base 2) to base 16.
4f6ec
434833 (base 13) to base 4
12001333231
1231401434 (base 5) to base 15
3e307e
What is -102202001122 (base 3) in base 13?
-8128a
Convert 118799 (base 13) to base 16.
663b3
Convert -1772815 (base 9) to base 12.
-3ba67b
What is 858a (base 11) in base 6?
124315
375446 (base 10) to base 11
237095
What is -1130163 (base 7) in base 2?
-100010100110111001
-122405321 (base 6) to base 7
-26050231
What is -10717355 (base 8) in base 4?
-20321323231
What is 76106 (base 11) in base 16?
1b008
What is -5542310 (base 8) in base 16?
-16c4c8
11053411 (base 6) to base 14
8995d
Convert 2670d (base 14) to base 5.
11012211
Convert -5a4841 (base 16) to base 3.
-102010121020102
Convert -5a1b0 (base 12) to base 9.
-204266
-3b1559 (base 14) to base 12
-824577
Convert 11111111000001000 (base 2) to base 6.
2444252
Convert -13b0ac4 (base 13) to base 15.
-838c8e
-b8a256 (base 14) to base 6
-341553112
What is 101143235 (base 6) in base 3?
10021101210112
What is -1430896 (base 10) in base 5?
-331242041
-c8c34 (base 14) to base 8
-1663736
Convert -340152020 (base 6) to base 5.
-3040021132
1588415 (base 12) to base 7
52326311
Convert -5d3659 (base 15) to base 4.
-101002131333
What is -7507042 (base 10) in base 6?
-424522454
What is 1614816 (base 11) in base 9?
5164342
What is -189b104 (base 12) in base 9?
-10667844
-385142 (base 9) to base 13
-8230a
What is 1011001101101001 (base 2) in base 13?
17ba0
Convert -112121413 (base 5) to base 16.
-7b320
What is -34205462 (base 8) in base 4?
-130100230302
What is -13014047 (base 8) in base 9?
-5384012
-38a05c (base 15) to base 12
-ab0396
23253216 (base 7) to base 5
1010444132
What is 140425 (base 6) in base 12?
7715
28574 (base 15) to base 5
13120414
-1c12e (base 16) to base 2
-11100000100101110
-20555245 (base 6) to base 10
-606413
What is 2112121021 (base 4) in base 5?
124203014
Convert 87813 (base 9) to base 15.
123d6
Convert -22302 (base 6) to base 3.
-11022002
Convert -1521452 (base 6) to base 10.
-88520
What is -240461 (base 9) in base 14?
-3aa53
Convert -120320546 (base 7) to base 3.
-112001101022222
Convert -4a8011 (base 11) to base 4.
-3003213322
4903368 (base 10) to base 3
100020010011020
What is -2020001022 (base 3) in base 9?
-66038
101001001011101000000 (base 2) to base 4
11021131000
What is -1120103221 (base 5) in base 6?
-125354321
Convert 90179 (base 13) to base 9.
431868
Convert 520da (base 16) to base 9.
562023
Convert 360805 (base 12) to base 2.
11010100111010000101
132322440 (base 7) to base 16
821c0d
What is 828c0 (base 13) in base 12?
b3786
4312000 (base 6) to base 12
a2600
What is 10752ba (base 13) in base 11?
2931313
-3183670 (base 10) to base 5
-1303334140
What is -9882 (base 13) in base 10?
-21231
What is 100111011100010001 (base 2) in base 3?
22012121110
Convert -4548d (base 16) to base 15.
-59144
Convert -18285 (base 16) to base 4.
-120022011
-69402 (base 10) to base 11
-48163
619653 (base 10) to base 7
5160366
a037b (base 13) to base 15
59c14
What is -1010010011101110 (base 2) in base 10?
-42222
Convert -159ab7 (base 12) to base 10.
-369643
What is -200156 (base 7) in base 10?
-33704
What is -135623 (base 10) in base 6?
-2523515
-1011010111110001110010 (base 2) to base 16
-2d7c72
11d5372 (base 15) to base 8
60732266
Convert 12a6b0 (base 14) to base 7.
5316610
What is 22340313 (base 5) in base 2?
110000101100100010
Convert -121110202102 (base 3) to base 13.
-b4767
1eb63 (base 16) to base 7
1032515
What is -15c2 (base 15) in base 10?
-4682
What is 56406435 (base 8) in base 12?
41001b9
What is -873d5 (base 16) in base 12?
-228699
-1101110111110010010 (base 2) to base 6
-13424214
Convert 552c0 (base 14) to base 16.
32618
Convert -342175 (base 8) to base 15.
-244c7
What is 2202223 (base 5) in base 7?
215146
-142721 (base 11) to base 16
-367ab
1111111111011100 (base 2) to base 7
361651
2151052 (base 7) to base 10
264490
-110110200 (base 5) to base 11
-2a3041
Convert -135a3 (base 14) to base 2.
-1011101010011011
Convert 103003003 (base 4) to base 15.
181b4
Convert 13126306 (base 7) to base 11.
74a8a1
10352443 (base 6) to base 13
ab34b
Convert 103d9 (base 16) to base 12.
325b5
What is 3412334 (base 8) in base 11?
58038a
What is -100101011001010100 (base 2) in base 15?
-305b7
-264227 (base 11) to base 10
-415543
Convert -369fd (base 16) to base 15.
-46461
Convert 49559 (base 12) to base 15.
1e640
Convert -b89b5c (base 13) to base 15.
-5a9415
What is -3788a7 (base 12) in base 2?
-11011101010111111111
What is 996b5 (base 14) in base 15?
75250
1111001101010011010 (base 2) to base 9
838520
What is 24476216 (base 8) in base 9?
11148366
Convert 24112343 (base 5) to base 16.
36680
What is -11101110000000 (base 2) in base 4?
-3232000
Convert -a37a03 (base 12) to base 3.
-11211021020110
What is -414130 (base 5) in base 11?
-a2a3
88713 (base 12) to base 6
3512423
What is -248718 (base 10) in base 16?
-3cb8e
What is -14556335 (base 7) in base 11?
-871158
Convert -478324 (base 10) to base 13.
-139942
-2021211000 (base 3) to base 15
-d543
Convert 10002201111100 (base 3) to base 7.
20002242
269236 (base 12) to base 16
9bc0a
-a750 (base 13) to base 4
-11222302
Convert -2403401023 (base 5) to base 7.
-64663246
-2011020112211 (base 3) to base 15
-179a0d
What is 1630344 